913288 and 6426?
2142
Calculate the greatest common factor of 57135 and 78195.
195
What is the greatest common factor of 1360 and 662573300?
340
Calculate the greatest common factor of 4433 and 21086.
13
Calculate the highest common divisor of 312 and 5305352.
104
Calculate the highest common divisor of 13340 and 4599632.
2668
What is the greatest common factor of 29727 and 3668899?
367
What is the greatest common factor of 5373 and 252099?
27
What is the highest common factor of 230304 and 107872?
32
Calculate the highest common factor of 6132 and 103359459.
1533
What is the highest common factor of 132138 and 35694?
54
Calculate the greatest common divisor of 8327760 and 5640.
120
What is the greatest common divisor of 570 and 13005690?
570
What is the greatest common factor of 324995 and 217389?
311
What is the highest common divisor of 9401 and 2703?
17
Calculate the greatest common factor of 129050 and 3600050.
4450
Calculate the highest common factor of 84619 and 538387.
37
Calculate the greatest common factor of 970 and 19168655.
485
Calculate the greatest common factor of 84 and 15391348.
28
What is the greatest common factor of 4 and 47280076?
4
What is the greatest common divisor of 45100 and 103545090?
4510
Calculate the highest common factor of 68519 and 30470.
11
What is the highest common divisor of 140743151 and 3099?
1033
Calculate the highest common factor of 1297772 and 476.
28
Calculate the highest common divisor of 323158496 and 32.
32
Calculate the greatest common divisor of 2427882025 and 775.
775
What is the highest common factor of 1704 and 5406366?
426
Calculate the greatest common divisor of 577460320 and 3970.
3970
Calculate the greatest common factor of 490029 and 171.
57
What is the highest common factor of 3086645 and 760?
95
Calculate the highest common divisor of 6093272 and 4472.
344
Calculate the greatest common divisor of 2327 and 99580.
13
Calculate the greatest common divisor of 1627000 and 81000.
1000
What is the highest common factor of 2335616 and 211768?
2056
Calculate the highest common factor of 74010620 and 1780.
1780
Calculate the highest common divisor of 6074 and 424129198.
6074
Calculate the greatest common divisor of 134094984 and 43.
43
Calculate the greatest common divisor of 488 and 3471599792.
488
What is the greatest common divisor of 18620 and 1629740?
980
Calculate the greatest common divisor of 6771115 and 5.
5
Calculate the highest common factor of 193 and 4493.
1
What is the greatest common factor of 9488001 and 21261?
1119
What is the highest common divisor of 17 and 243003?
1
Calculate the highest common divisor of 20 and 50870.
10
Calculate the greatest common divisor of 2482272 and 96.
96
What is the greatest common divisor of 9537 and 28271136?
867
Calculate the greatest common factor of 21719 and 4934909.
587
Calculate the greatest common divisor of 304 and 6862496.
304
Calculate the highest common divisor of 14337 and 1838086.
59
What is the highest common factor of 1271486 and 2321?
211
Calculate the greatest common factor of 146 and 105464560.
146
What is the highest common divisor of 570 and 33566730?
570
Calculate the greatest common divisor of 3722 and 105944869.
1861
What is the greatest common factor of 1824021 and 63?
9
What is the greatest common factor of 368 and 3212336?
16
What is the greatest common divisor of 1714 and 155460657?
857
Calculate the greatest common factor of 23864867 and 3107.
3107
Calculate the highest common factor of 711499632 and 16.
16
What is the highest common factor of 1987875 and 5637195?
4185
What is the greatest common divisor of 1750909598 and 2458?
2458
Calculate the highest common factor of 179469 and 13800.
69
What is the highest common factor of 1014 and 1821378?
78
What is the highest common divisor of 905 and 507895?
5
Calculate the highest common divisor of 107407 and 59458254.
5653
Calculate the highest common factor of 203910748 and 206.
206
Calculate the highest common divisor of 246 and 5465166.
6
Calculate the highest common factor of 48312 and 11280456.
792
Calculate the greatest common divisor of 1465 and 150589.
1
Calculate the highest common divisor of 4255230 and 10.
10
What is the highest common divisor of 62177 and 9834863?
641
Calculate the greatest common divisor of 5556322 and 2283002.
2774
Calculate the highest common divisor of 73952 and 40928.
32
What is the greatest common factor of 52033032 and 1494?
1494
Calculate the greatest common divisor of 1466528 and 488.
8
Calculate the greatest common factor of 8149036 and 112.
28
What is the greatest common factor of 666469 and 496?
31
What is the highest common divisor of 62 and 426904162?
62
Calculate the highest common divisor of 102760 and 49574.
14
Calculate the greatest common factor of 17369308 and 28798.
4114
What is the greatest common factor of 472992 and 9568?
416
What is the greatest common factor of 59 and 1549517?
59
What is the highest common factor of 56696 and 84792?
8
Calculate the highest common factor of 9984 and 59116928.
1664
What is the greatest common divisor of 4809298 and 205138?
218
Calculate the highest common factor of 124959 and 3183738.
5433
What is the greatest common divisor of 15429 and 78477037?
5143
Calculate the highest common divisor of 397991 and 1067.
1067
What is the greatest common divisor of 336 and 93400818?
42
Calculate the highest common factor of 10993307 and 103753.
4511
Calculate the greatest common factor of 314772 and 1887.
51
Calculate the highest common factor of 1251460960 and 40.
40
What is the greatest common factor of 25547 and 12883049?
433
What is the highest common factor of 42234624 and 4554?
414
Calculate the highest common factor of 298409258 and 56.
14
What is the highest common divisor of 26230 and 5980?
10
Calculate the highest common factor of 1084 and 139670148.
1084
What is the greatest common factor of 5270 and 434520?
170
Calculate the greatest common factor of 72 and 1213164.
36
Calculate the greatest common divisor of 296 and 1713692.
148
What is the highest common factor of 93 and 47339170?
31
What is the highest common factor of 4475 and 408475?
25
Calculate the highest common factor of 4551848 and 518.
14
What is the highest common factor of 1056677300 and 6730?
6730
What is the highest common factor of 20001631 and 13?
13
Calculate the greatest common divisor of 10615 and 4942730.
965
What is the greatest common factor of 8960 and 8260?
140
Calculate the greatest common divisor of 204 and 3931233.
51
Calculate the greatest common divisor of 1488 and 4342143216.
1488
What is the highest common divisor of 244936818 and 999?
999
Calculate the greatest common factor of 1349094720 and 50.
10
What is the highest common divisor of 20304 and 51892512?
2256
Calculate the highest common factor of 1385719 and 15481.
113
What is the highest common divisor of 231990 and 26752?
418
Calculate the greatest common factor of 690336 and 55998.
918
Calculate the greatest common divisor of 185 and 897964285.
185
Calculate the greatest common divisor of 10904177 and 1037.
61
What is the highest common divisor of 6638213 and 3985?
797
What is the greatest common divisor of 75801895 and 26?
13
What is the highest common factor of 1654213 and 1419?
11
What is the greatest common factor of 11921 and 175795319?
917
What is the highest common factor of 24848 and 96160?
16
What is the highest common factor of 37672362 and 182?
182
Calculate the greatest common factor of 80608 and 1100116.
916
What is the highest common divisor of 2964 and 11764428?
156
What is the greatest common factor of 3976 and 170337804?
1988
Calculate the highest common factor of 105448227 and 4.
1
What is the greatest common factor of 34 and 3484099?
17
Calculate the greatest common divisor of 28500056 and 6880.
344
Calculate the greatest common factor of 189634733 and 3935.
787
Calculate the highest common factor of 21253975 and 27891.
1033
Calculate the highest common divisor of 40303 and 798196.
983
What is the highest common factor of 34841652 and 564?
12
What is the greatest common divisor of 1276 and 4752462?
638
What is the greatest common factor of 2907 and 17833077?
171
Calculate the greatest common factor of 645 and 52090845.
645
Calc